{"id":422,"date":"2024-01-11T14:51:11","date_gmt":"2024-01-11T14:51:11","guid":{"rendered":"http:\/\/rifforubio.cl\/?page_id=422"},"modified":"2024-06-28T17:17:11","modified_gmt":"2024-06-28T17:17:11","slug":"home","status":"publish","type":"page","link":"https:\/\/rifforubio.cl\/","title":{"rendered":"Home"},"content":{"rendered":"\t\t<div data-elementor-type=\"wp-page\" data-elementor-id=\"422\" class=\"elementor elementor-422\">\n\t\t\t\t\t\t<div class=\"elementor-inner\">\n\t\t\t\t<div class=\"elementor-section-wrap\">\n\t\t\t\t\t\t\t\t\t<section class=\"elementor-section elementor-top-section elementor-element elementor-element-a561fcc elementor-section-boxed elementor-section-height-default elementor-section-height-default\" data-id=\"a561fcc\" data-element_type=\"section\">\n\t\t\t\t\t\t<div class=\"elementor-container elementor-column-gap-default\">\n\t\t\t\t\t\t\t<div class=\"elementor-row\">\n\t\t\t\t\t<div class=\"elementor-column elementor-col-100 elementor-top-column elementor-element elementor-element-75acbaa\" data-id=\"75acbaa\" data-element_type=\"column\">\n\t\t\t<div class=\"elementor-column-wrap elementor-element-populated\">\n\t\t\t\t\t\t\t<div class=\"elementor-widget-wrap\">\n\t\t\t\t\t\t<div class=\"elementor-element elementor-element-25764b8 elementor-widget elementor-widget-text-editor\" data-id=\"25764b8\" data-element_type=\"widget\" data-widget_type=\"text-editor.default\">\n\t\t\t\t<div class=\"elementor-widget-container\">\n\t\t\t\t\t\t\t\t<div class=\"elementor-text-editor elementor-clearfix\">\n\t\t\t\t<p>M\u00c1S DE 40 A\u00d1OS ACOMPA\u00d1ANDO A NUESTROS CLIENTES<\/p>\t\t\t\t\t<\/div>\n\t\t\t\t\t\t<\/div>\n\t\t\t\t<\/div>\n\t\t\t\t\t\t<\/div>\n\t\t\t\t\t<\/div>\n\t\t<\/div>\n\t\t\t\t\t\t\t\t<\/div>\n\t\t\t\t\t<\/div>\n\t\t<\/section>\n\t\t\t\t<section class=\"elementor-section elementor-top-section elementor-element elementor-element-3e650bee elementor-section-full_width elementor-section-height-default elementor-section-height-default\" data-id=\"3e650bee\" data-element_type=\"section\">\n\t\t\t\t\t\t<div class=\"elementor-container elementor-column-gap-default\">\n\t\t\t\t\t\t\t<div class=\"elementor-row\">\n\t\t\t\t\t<div class=\"elementor-column elementor-col-50 elementor-top-column elementor-element elementor-element-60ebc8fc\" data-id=\"60ebc8fc\" data-element_type=\"column\">\n\t\t\t<div class=\"elementor-column-wrap elementor-element-populated\">\n\t\t\t\t\t\t\t<div class=\"elementor-widget-wrap\">\n\t\t\t\t\t\t<div class=\"elementor-element elementor-element-6ff41a45 elementor-widget elementor-widget-heading\" data-id=\"6ff41a45\" data-element_type=\"widget\" data-widget_type=\"heading.default\">\n\t\t\t\t<div class=\"elementor-widget-container\">\n\t\t\t<h3 class=\"elementor-heading-title elementor-size-default\">nosotros<\/h3>\t\t<\/div>\n\t\t\t\t<\/div>\n\t\t\t\t<div class=\"elementor-element elementor-element-f41195f elementor-widget-divider--view-line elementor-widget elementor-widget-divider\" data-id=\"f41195f\" data-element_type=\"widget\" data-widget_type=\"divider.default\">\n\t\t\t\t<div class=\"elementor-widget-container\">\n\t\t\t\t\t<div class=\"elementor-divider\">\n\t\t\t<span class=\"elementor-divider-separator\">\n\t\t\t\t\t\t<\/span>\n\t\t<\/div>\n\t\t\t\t<\/div>\n\t\t\t\t<\/div>\n\t\t\t\t<div class=\"elementor-element elementor-element-2f4fecb0 elementor-widget elementor-widget-text-editor\" data-id=\"2f4fecb0\" data-element_type=\"widget\" data-widget_type=\"text-editor.default\">\n\t\t\t\t<div class=\"elementor-widget-container\">\n\t\t\t\t\t\t\t\t<div class=\"elementor-text-editor elementor-clearfix\">\n\t\t\t\t<p>Sabemos que las obligaciones tributarias y laborales pueden ser abrumadoras, es por eso que, hace m\u00e1s de 40 a\u00f1os, acompa\u00f1amos a peque\u00f1as y medianas empresas en la gesti\u00f3n contable y el cumplimiento tributario de sus negocios.<\/p><p>Somos un equipo de 12 profesionales que ofrecemos servicios de tesorer\u00eda, administraci\u00f3n, contabilidad, auditor\u00eda y atenci\u00f3n laboral, entre otras.<\/p><p>Conoce el detalle de cada uno de nuestros servicios <a href=\"http:\/\/rifforubio.cl\/?page_id=183\" target=\"_blank\" rel=\"noopener\">aqu\u00ed.<\/a><\/p>\t\t\t\t\t<\/div>\n\t\t\t\t\t\t<\/div>\n\t\t\t\t<\/div>\n\t\t\t\t\t\t<\/div>\n\t\t\t\t\t<\/div>\n\t\t<\/div>\n\t\t\t\t<div class=\"elementor-column elementor-col-50 elementor-top-column elementor-element elementor-element-694fdb76\" data-id=\"694fdb76\" data-element_type=\"column\">\n\t\t\t<div class=\"elementor-column-wrap elementor-element-populated\">\n\t\t\t\t\t\t\t<div class=\"elementor-widget-wrap\">\n\t\t\t\t\t\t<div class=\"elementor-element elementor-element-3f30d7e elementor-widget elementor-widget-image\" data-id=\"3f30d7e\" data-element_type=\"widget\" data-widget_type=\"image.default\">\n\t\t\t\t<div class=\"elementor-widget-container\">\n\t\t\t\t\t\t\t\t<div class=\"elementor-image\">\n\t\t\t\t\t\t\t\t\t\t\t\t<img decoding=\"async\" width=\"1024\" height=\"793\" src=\"https:\/\/rifforubio.cl\/wp-content\/uploads\/2024\/04\/Equipo-1-nueva-1024x793.jpg\" class=\"attachment-large size-large wp-image-738\" alt=\"\" loading=\"lazy\" srcset=\"https:\/\/rifforubio.cl\/wp-content\/uploads\/2024\/04\/Equipo-1-nueva-1024x793.jpg 1024w, https:\/\/rifforubio.cl\/wp-content\/uploads\/2024\/04\/Equipo-1-nueva-300x232.jpg 300w, https:\/\/rifforubio.cl\/wp-content\/uploads\/2024\/04\/Equipo-1-nueva-768x595.jpg 768w, https:\/\/rifforubio.cl\/wp-content\/uploads\/2024\/04\/Equipo-1-nueva-1536x1190.jpg 1536w, https:\/\/rifforubio.cl\/wp-content\/uploads\/2024\/04\/Equipo-1-nueva-2048x1587.jpg 2048w, https:\/\/rifforubio.cl\/wp-content\/uploads\/2024\/04\/Equipo-1-nueva-1000x775.jpg 1000w, https:\/\/rifforubio.cl\/wp-content\/uploads\/2024\/04\/Equipo-1-nueva-230x178.jpg 230w, https:\/\/rifforubio.cl\/wp-content\/uploads\/2024\/04\/Equipo-1-nueva-350x271.jpg 350w, https:\/\/rifforubio.cl\/wp-content\/uploads\/2024\/04\/Equipo-1-nueva-480x372.jpg 480w\" sizes=\"(max-width: 1024px) 100vw, 1024px\" \/>\t\t\t\t\t\t\t\t\t\t\t\t\t\t<\/div>\n\t\t\t\t\t\t<\/div>\n\t\t\t\t<\/div>\n\t\t\t\t\t\t<\/div>\n\t\t\t\t\t<\/div>\n\t\t<\/div>\n\t\t\t\t\t\t\t\t<\/div>\n\t\t\t\t\t<\/div>\n\t\t<\/section>\n\t\t\t\t<section class=\"elementor-section elementor-top-section elementor-element elementor-element-6e40bfec elementor-section-boxed elementor-section-height-default elementor-section-height-default\" data-id=\"6e40bfec\" data-element_type=\"section\" data-settings=\"{&quot;background_background&quot;:&quot;classic&quot;}\">\n\t\t\t\t\t\t\t<div class=\"elementor-background-overlay\"><\/div>\n\t\t\t\t\t\t\t<div class=\"elementor-container elementor-column-gap-default\">\n\t\t\t\t\t\t\t<div class=\"elementor-row\">\n\t\t\t\t\t<div class=\"elementor-column elementor-col-100 elementor-top-column elementor-element elementor-element-1a07e75d\" data-id=\"1a07e75d\" data-element_type=\"column\">\n\t\t\t<div class=\"elementor-column-wrap elementor-element-populated\">\n\t\t\t\t\t\t\t<div class=\"elementor-widget-wrap\">\n\t\t\t\t\t\t<div class=\"elementor-element elementor-element-6ca8e87 elementor-widget elementor-widget-heading\" data-id=\"6ca8e87\" data-element_type=\"widget\" data-widget_type=\"heading.default\">\n\t\t\t\t<div class=\"elementor-widget-container\">\n\t\t\t<h3 class=\"elementor-heading-title elementor-size-default\">NUESTROS SERVICIOS<\/h3>\t\t<\/div>\n\t\t\t\t<\/div>\n\t\t\t\t<div class=\"elementor-element elementor-element-57957199 elementor-widget-divider--view-line elementor-widget elementor-widget-divider\" data-id=\"57957199\" data-element_type=\"widget\" data-widget_type=\"divider.default\">\n\t\t\t\t<div class=\"elementor-widget-container\">\n\t\t\t\t\t<div class=\"elementor-divider\">\n\t\t\t<span class=\"elementor-divider-separator\">\n\t\t\t\t\t\t<\/span>\n\t\t<\/div>\n\t\t\t\t<\/div>\n\t\t\t\t<\/div>\n\t\t\t\t<section class=\"elementor-section elementor-inner-section elementor-element elementor-element-4232b79a elementor-section-boxed elementor-section-height-default elementor-section-height-default\" data-id=\"4232b79a\" data-element_type=\"section\">\n\t\t\t\t\t\t<div class=\"elementor-container elementor-column-gap-extended\">\n\t\t\t\t\t\t\t<div class=\"elementor-row\">\n\t\t\t\t\t<div class=\"elementor-column elementor-col-33 elementor-inner-column elementor-element elementor-element-21f31425\" data-id=\"21f31425\" data-element_type=\"column\" data-settings=\"{&quot;background_background&quot;:&quot;classic&quot;}\">\n\t\t\t<div class=\"elementor-column-wrap elementor-element-populated\">\n\t\t\t\t\t<div class=\"elementor-background-overlay\"><\/div>\n\t\t\t\t\t\t\t<div class=\"elementor-widget-wrap\">\n\t\t\t\t\t\t<div class=\"elementor-element elementor-element-3e845141 elementor-view-stacked elementor-shape-circle elementor-mobile-position-top elementor-vertical-align-top elementor-widget elementor-widget-icon-box\" data-id=\"3e845141\" data-element_type=\"widget\" data-widget_type=\"icon-box.default\">\n\t\t\t\t<div class=\"elementor-widget-container\">\n\t\t\t\t\t<div class=\"elementor-icon-box-wrapper\">\n\t\t\t\t\t\t<div class=\"elementor-icon-box-icon\">\n\t\t\t\t<span class=\"elementor-icon elementor-animation-\" >\n\t\t\t\t<i aria-hidden=\"true\" class=\"far fa-money-bill-alt\"><\/i>\t\t\t\t<\/span>\n\t\t\t<\/div>\n\t\t\t\t\t\t<div class=\"elementor-icon-box-content\">\n\t\t\t\t<h3 class=\"elementor-icon-box-title\">\n\t\t\t\t\t<span  >\n\t\t\t\t\t\tASESOR\u00cdA TRIBUTARIA\t\t\t\t\t<\/span>\n\t\t\t\t<\/h3>\n\t\t\t\t\t\t\t\t\t<p class=\"elementor-icon-box-description\">\n\t\t\t\t\t\t<span style=\"text-align: start; white-space: normal; font-size: 11pt; line-height: 15.693334px; font-family: &quot;Josefin Sans&quot;; background-image: none; background-position: 0% 0%; background-size: auto; background-repeat: repeat; background-attachment: scroll; background-origin: padding-box; background-clip: border-box;\">Te apoyamos y guiamos para lograr el cumplimiento tributario de tu empresa.<\/span>\t\t\t\t\t<\/p>\n\t\t\t\t\t\t\t<\/div>\n\t\t<\/div>\n\t\t\t\t<\/div>\n\t\t\t\t<\/div>\n\t\t\t\t\t\t<\/div>\n\t\t\t\t\t<\/div>\n\t\t<\/div>\n\t\t\t\t<div class=\"elementor-column elementor-col-33 elementor-inner-column elementor-element elementor-element-1c00f31e\" data-id=\"1c00f31e\" data-element_type=\"column\">\n\t\t\t<div class=\"elementor-column-wrap elementor-element-populated\">\n\t\t\t\t\t\t\t<div class=\"elementor-widget-wrap\">\n\t\t\t\t\t\t<div class=\"elementor-element elementor-element-3dac7b13 elementor-view-stacked elementor-shape-circle elementor-mobile-position-top elementor-vertical-align-top elementor-widget elementor-widget-icon-box\" data-id=\"3dac7b13\" data-element_type=\"widget\" data-widget_type=\"icon-box.default\">\n\t\t\t\t<div class=\"elementor-widget-container\">\n\t\t\t\t\t<div class=\"elementor-icon-box-wrapper\">\n\t\t\t\t\t\t<div class=\"elementor-icon-box-icon\">\n\t\t\t\t<span class=\"elementor-icon elementor-animation-\" >\n\t\t\t\t<i aria-hidden=\"true\" class=\"fas fa-chart-bar\"><\/i>\t\t\t\t<\/span>\n\t\t\t<\/div>\n\t\t\t\t\t\t<div class=\"elementor-icon-box-content\">\n\t\t\t\t<h3 class=\"elementor-icon-box-title\">\n\t\t\t\t\t<span  >\n\t\t\t\t\t\tAUDITOR\u00cdA\t\t\t\t\t<\/span>\n\t\t\t\t<\/h3>\n\t\t\t\t\t\t\t\t\t<p class=\"elementor-icon-box-description\">\n\t\t\t\t\t\t<span style=\"font-family: &quot;Josefin Sans&quot;; font-size: 11pt; text-align: start; white-space: normal;\">Evaluamos los procesos internos de tu empresa en busca de la mejora continua.<\/span>\t\t\t\t\t<\/p>\n\t\t\t\t\t\t\t<\/div>\n\t\t<\/div>\n\t\t\t\t<\/div>\n\t\t\t\t<\/div>\n\t\t\t\t\t\t<\/div>\n\t\t\t\t\t<\/div>\n\t\t<\/div>\n\t\t\t\t<div class=\"elementor-column elementor-col-33 elementor-inner-column elementor-element elementor-element-5c0c54f2\" data-id=\"5c0c54f2\" data-element_type=\"column\">\n\t\t\t<div class=\"elementor-column-wrap elementor-element-populated\">\n\t\t\t\t\t\t\t<div class=\"elementor-widget-wrap\">\n\t\t\t\t\t\t<div class=\"elementor-element elementor-element-1e5c13ce elementor-view-stacked elementor-shape-circle elementor-mobile-position-top elementor-vertical-align-top elementor-widget elementor-widget-icon-box\" data-id=\"1e5c13ce\" data-element_type=\"widget\" data-widget_type=\"icon-box.default\">\n\t\t\t\t<div class=\"elementor-widget-container\">\n\t\t\t\t\t<div class=\"elementor-icon-box-wrapper\">\n\t\t\t\t\t\t<div class=\"elementor-icon-box-icon\">\n\t\t\t\t<span class=\"elementor-icon elementor-animation-\" >\n\t\t\t\t<i aria-hidden=\"true\" class=\"fas fa-people-arrows\"><\/i>\t\t\t\t<\/span>\n\t\t\t<\/div>\n\t\t\t\t\t\t<div class=\"elementor-icon-box-content\">\n\t\t\t\t<h3 class=\"elementor-icon-box-title\">\n\t\t\t\t\t<span  >\n\t\t\t\t\t\tRECURSOS HUMANOS\t\t\t\t\t<\/span>\n\t\t\t\t<\/h3>\n\t\t\t\t\t\t\t\t\t<p class=\"elementor-icon-box-description\">\n\t\t\t\t\t\t\u00bfObligaciones laborales? No te preocupes, nosotros nos encargamos de todo.\t\t\t\t\t<\/p>\n\t\t\t\t\t\t\t<\/div>\n\t\t<\/div>\n\t\t\t\t<\/div>\n\t\t\t\t<\/div>\n\t\t\t\t\t\t<\/div>\n\t\t\t\t\t<\/div>\n\t\t<\/div>\n\t\t\t\t\t\t\t\t<\/div>\n\t\t\t\t\t<\/div>\n\t\t<\/section>\n\t\t\t\t<div class=\"elementor-element elementor-element-388ad6bd elementor-align-center elementor-widget elementor-widget-button\" data-id=\"388ad6bd\" data-element_type=\"widget\" data-widget_type=\"button.default\">\n\t\t\t\t<div class=\"elementor-widget-container\">\n\t\t\t\t\t<div class=\"elementor-button-wrapper\">\n\t\t\t<a href=\"http:\/\/rifforubio.cl\/?page_id=183\" class=\"elementor-button-link elementor-button elementor-size-sm\" role=\"button\">\n\t\t\t\t\t\t<span class=\"elementor-button-content-wrapper\">\n\t\t\t\t\t\t<span class=\"elementor-button-text\">Ver todos los servicios<\/span>\n\t\t<\/span>\n\t\t\t\t\t<\/a>\n\t\t<\/div>\n\t\t\t\t<\/div>\n\t\t\t\t<\/div>\n\t\t\t\t\t\t<\/div>\n\t\t\t\t\t<\/div>\n\t\t<\/div>\n\t\t\t\t\t\t\t\t<\/div>\n\t\t\t\t\t<\/div>\n\t\t<\/section>\n\t\t\t\t<section class=\"elementor-section elementor-top-section elementor-element elementor-element-c428697 elementor-section-full_width elementor-section-height-default elementor-section-height-default\" data-id=\"c428697\" data-element_type=\"section\" data-settings=\"{&quot;background_background&quot;:&quot;classic&quot;}\">\n\t\t\t\t\t\t\t<div class=\"elementor-background-overlay\"><\/div>\n\t\t\t\t\t\t\t<div class=\"elementor-container elementor-column-gap-default\">\n\t\t\t\t\t\t\t<div class=\"elementor-row\">\n\t\t\t\t\t<div class=\"elementor-column elementor-col-100 elementor-top-column elementor-element elementor-element-3195be5\" data-id=\"3195be5\" data-element_type=\"column\">\n\t\t\t<div class=\"elementor-column-wrap elementor-element-populated\">\n\t\t\t\t\t\t\t<div class=\"elementor-widget-wrap\">\n\t\t\t\t\t\t<div class=\"elementor-element elementor-element-3cb56772 elementor-widget elementor-widget-heading\" data-id=\"3cb56772\" data-element_type=\"widget\" data-widget_type=\"heading.default\">\n\t\t\t\t<div class=\"elementor-widget-container\">\n\t\t\t<h3 class=\"elementor-heading-title elementor-size-default\">que dicen nuestros clientes<\/h3>\t\t<\/div>\n\t\t\t\t<\/div>\n\t\t\t\t<div class=\"elementor-element elementor-element-c8a0f99 elementor-widget-divider--view-line elementor-widget elementor-widget-divider\" data-id=\"c8a0f99\" data-element_type=\"widget\" data-widget_type=\"divider.default\">\n\t\t\t\t<div class=\"elementor-widget-container\">\n\t\t\t\t\t<div class=\"elementor-divider\">\n\t\t\t<span class=\"elementor-divider-separator\">\n\t\t\t\t\t\t<\/span>\n\t\t<\/div>\n\t\t\t\t<\/div>\n\t\t\t\t<\/div>\n\t\t\t\t<div class=\"elementor-element elementor-element-2bf24d83 elementor-widget elementor-widget-athemes-testimonials\" data-id=\"2bf24d83\" data-element_type=\"widget\" data-widget_type=\"athemes-testimonials.default\">\n\t\t\t\t<div class=\"elementor-widget-container\">\n\t\t\t\n\t\t<div class=\"widget_sydney_testimonials\">\n\t\t\t<i class=\"fa fa-quote-left\"><\/i>\n\t\t\t<div class=\"roll-testimonials\" data-autoplay=\"5000\">\n\t\t\t\t                    <div class=\"customer\">\n                        <blockquote class=\"whisper\"><p><em>\"He tenido el placer de trabajar con Riffo Rubio y Asociados para la gesti\u00f3n contable de mis empresas. Estoy extremadamente satisfecho con la calidad del servicio recibido. Su equipo es profesional, meticuloso y siempre dispuesto a ayudar con cualquier consulta o problema que surja. La comunicaci\u00f3n es clara y eficiente, lo que es esencial para mantener al d\u00eda todas nuestras contabilidades. Recomiendo altamente a Riffo Rubio y Asociados a cualquiera que busque un socio confiable y experto en contabilidad.\"<\/em><\/p><\/blockquote>                               \n\t\t\t\t\t\t                        <div class=\"name\">\n                        \t<div class=\"testimonial-name\">Mario Mazzarelli<\/div>\n                        \t<span class=\"testimonial-position\">Gerente General Grupo Mazarelli<\/span>\n                        <\/div>\n                    <\/div>\n\t\t\t\t                    <div class=\"customer\">\n                        <blockquote class=\"whisper\">\"Riffo Rubio y Asociados ha sido un apoyo fundamental para que la Corporaci\u00f3n Nuestra Casa pasara a un estado \u00f3ptimo de formalidad en procesos contable y en el cumplimiento de nuestros compromisos con los diversos servicios p\u00fablicos con que trabajamos. Hemos crecido con y gracias a ellos, siempre en un ambiente de alta calidad humana y profesional.\" <\/blockquote>                               \n\t\t\t\t\t\t                        <div class=\"name\">\n                        \t<div class=\"testimonial-name\"> Javier Zulueta <\/div>\n                        \t<span class=\"testimonial-position\">Corporaci\u00f3n Nuestra Casa<\/span>\n                        <\/div>\n                    <\/div>\n\t\t\t\t                    <div class=\"customer\">\n                        <blockquote class=\"whisper\"><p style=\"font-weight: 400\"><em>\u201cPara nosotros es un apoyo fundamental el servicio que nos presta Riffo Rubio. Tanto Andrea como Jeannette nos dan respuestas r\u00e1pidas, eficientes y profesionales a cada duda, problema y nos apoyan en todas nuestras necesidades ya sean contables o de RRHH. Llevamos a\u00f1os trabajando con ellos y nos entregan no s\u00f3lo profesionalismo y cordialidad, sino seriedad y confianza, que se valora infinitamente en estos delicados temas que son tan relevantes para las empresas.\u201d<\/em><\/p><\/blockquote>                               \n\t\t\t\t\t\t                        <div class=\"name\">\n                        \t<div class=\"testimonial-name\">Magdalena Costa <\/div>\n                        \t<span class=\"testimonial-position\">Constructora AICE <\/span>\n                        <\/div>\n                    <\/div>\n\t\t\t\t                    <div class=\"customer\">\n                        <blockquote class=\"whisper\"><p style=\"font-weight: 400\"><em>\u201cLa oficina Riffo Rubio, nos brinda un servicio eficiente y eficaz, de r\u00e1pida y certera respuesta. Para nosotros como empresa representan un apoyo confiable en todo lo relativo a temas contables y tributarios, entre otros.<\/em><\/p><p style=\"font-weight: 400\"><em>Para mi son altamente recomendables\u201d.<\/em><\/p><\/blockquote>                               \n\t\t\t\t\t\t                        <div class=\"name\">\n                        \t<div class=\"testimonial-name\">Cristian Astorga<\/div>\n                        \t<span class=\"testimonial-position\">Constructora AICE<\/span>\n                        <\/div>\n                    <\/div>\n\t\t\t\t                    <div class=\"customer\">\n                        <blockquote class=\"whisper\"><p style=\"font-weight: 400\"><em>\u201cAgr\u00edcola R&amp;B SpA ha tenido desde el a\u00f1o 2022 una asesor\u00eda contable de alto nivel y siempre con respuesta oportuna y de buena calidad. Adem\u00e1s, hizo eficiente el traspaso de informaci\u00f3n desde la contabilidad antigua, comenzando un ordenado proceso de nueva gesti\u00f3n, con personas adecuadas en temas contables y tributarios\u201d.<\/em><\/p><\/blockquote>                               \n\t\t\t\t\t\t                        <div class=\"name\">\n                        \t<div class=\"testimonial-name\">Alfonso Ram\u00edrez<\/div>\n                        \t<span class=\"testimonial-position\">Gerente General Agr\u00edcola R&amp;B SpA<\/span>\n                        <\/div>\n                    <\/div>\n\t\t\t\t                    <div class=\"customer\">\n                        <blockquote class=\"whisper\"><p style=\"font-weight: 400\"><em>\"Como cliente de Estudio Riffo Rubio Asociados, deseo expresar mi m\u00e1s sincera satisfacci\u00f3n por los servicios que han brindado a nuestra sociedad. Desde que confiamos en su equipo para apoyar el manejo de nuestros procesos financiero-contables, recursos humanos y asesor\u00eda en materias de gesti\u00f3n en general, siempre hemos experimentado un destacable nivel de profesionalismo y dedicaci\u00f3n.\u00a0<\/em><\/p><p style=\"font-weight: 400\"><em>Su enfoque proactivo para abordar nuestras necesidades, combinado con un profundo conocimiento de las regulaciones y pr\u00e1cticas de la especialidad, ha sido un gran valor para el desarrollo de nuestra empresa. Estamos agradecidos por su continua orientaci\u00f3n y alto nivel de apoyo profesional.\u201d<\/em><\/p><\/blockquote>                               \n\t\t\t\t\t\t                        <div class=\"name\">\n                        \t<div class=\"testimonial-name\">Christian Oyaneder <\/div>\n                        \t<span class=\"testimonial-position\">Director Cl\u00ednica Merced<\/span>\n                        <\/div>\n                    <\/div>\n\t\t\t\t                    <div class=\"customer\">\n                        <blockquote class=\"whisper\"><p style=\"font-weight: 400\"><em>\u201cPara m\u00ed lo m\u00e1s importante es el servicio y la confianza. Saber que cuando quieras preguntar algo o tengas alguna duda, siempre te van a atender el tel\u00e9fono. Adem\u00e1s, siempre tienen una respuesta adecuada, en los tiempos correctos y con absoluta discreci\u00f3n. Me siento muy c\u00f3modo trabajando con ellos\u201d.<\/em><\/p><\/blockquote>                               \n\t\t\t\t\t\t                        <div class=\"name\">\n                        \t<div class=\"testimonial-name\">Nicol\u00e1s Gazzolo<\/div>\n                        \t<span class=\"testimonial-position\">Caf\u00e9 Bazzara<\/span>\n                        <\/div>\n                    <\/div>\n\t\t\t\t\t\t\t<\/div>\n\t\t<\/div>\t\n\n\t\t\t\t<\/div>\n\t\t\t\t<\/div>\n\t\t\t\t\t\t<\/div>\n\t\t\t\t\t<\/div>\n\t\t<\/div>\n\t\t\t\t\t\t\t\t<\/div>\n\t\t\t\t\t<\/div>\n\t\t<\/section>\n\t\t\t\t<section class=\"elementor-section elementor-top-section elementor-element elementor-element-7ec26f91 elementor-section-boxed elementor-section-height-default elementor-section-height-default\" data-id=\"7ec26f91\" data-element_type=\"section\" data-settings=\"{&quot;background_background&quot;:&quot;classic&quot;}\">\n\t\t\t\t\t\t<div class=\"elementor-container elementor-column-gap-default\">\n\t\t\t\t\t\t\t<div class=\"elementor-row\">\n\t\t\t\t\t<div class=\"elementor-column elementor-col-100 elementor-top-column elementor-element elementor-element-5647faff\" data-id=\"5647faff\" data-element_type=\"column\">\n\t\t\t<div class=\"elementor-column-wrap elementor-element-populated\">\n\t\t\t\t\t\t\t<div class=\"elementor-widget-wrap\">\n\t\t\t\t\t\t<div class=\"elementor-element elementor-element-272874d6 elementor-widget elementor-widget-heading\" data-id=\"272874d6\" data-element_type=\"widget\" data-widget_type=\"heading.default\">\n\t\t\t\t<div class=\"elementor-widget-container\">\n\t\t\t<h3 class=\"elementor-heading-title elementor-size-default\">para conocer m\u00e1s acerca de NUESTRO EQUIpo<\/h3>\t\t<\/div>\n\t\t\t\t<\/div>\n\t\t\t\t<div class=\"elementor-element elementor-element-fa89c77 elementor-widget-divider--view-line elementor-widget elementor-widget-divider\" data-id=\"fa89c77\" data-element_type=\"widget\" data-widget_type=\"divider.default\">\n\t\t\t\t<div class=\"elementor-widget-container\">\n\t\t\t\t\t<div class=\"elementor-divider\">\n\t\t\t<span class=\"elementor-divider-separator\">\n\t\t\t\t\t\t<\/span>\n\t\t<\/div>\n\t\t\t\t<\/div>\n\t\t\t\t<\/div>\n\t\t\t\t<div class=\"elementor-element elementor-element-7665d2d elementor-align-center elementor-button-warning elementor-widget elementor-widget-button\" data-id=\"7665d2d\" data-element_type=\"widget\" data-widget_type=\"button.default\">\n\t\t\t\t<div class=\"elementor-widget-container\">\n\t\t\t\t\t<div class=\"elementor-button-wrapper\">\n\t\t\t<a href=\"http:\/\/rifforubio.cl\/?page_id=478\" class=\"elementor-button-link elementor-button elementor-size-sm\" role=\"button\">\n\t\t\t\t\t\t<span class=\"elementor-button-content-wrapper\">\n\t\t\t\t\t\t\t<span class=\"elementor-button-icon elementor-align-icon-left\">\n\t\t\t\t<i aria-hidden=\"true\" class=\"far fa-arrow-alt-circle-right\"><\/i>\t\t\t<\/span>\n\t\t\t\t\t\t<span class=\"elementor-button-text\">Haz click aqu\u00ed<\/span>\n\t\t<\/span>\n\t\t\t\t\t<\/a>\n\t\t<\/div>\n\t\t\t\t<\/div>\n\t\t\t\t<\/div>\n\t\t\t\t\t\t<\/div>\n\t\t\t\t\t<\/div>\n\t\t<\/div>\n\t\t\t\t\t\t\t\t<\/div>\n\t\t\t\t\t<\/div>\n\t\t<\/section>\n\t\t\t\t\t\t\t\t\t<\/div>\n\t\t\t<\/div>\n\t\t\t\t\t<\/div>\n\t\t","protected":false},"excerpt":{"rendered":"<p>M\u00c1S DE 40 A\u00d1OS ACOMPA\u00d1ANDO A NUESTROS CLIENTES nosotros Sabemos que las obligaciones tributarias y laborales pueden ser abrumadoras, es por eso [&hellip;]<\/p>\n","protected":false},"author":1,"featured_media":0,"parent":0,"menu_order":0,"comment_status":"closed","ping_status":"closed","template":"elementor_header_footer","meta":[],"_links":{"self":[{"href":"https:\/\/rifforubio.cl\/index.php?rest_route=\/wp\/v2\/pages\/422"}],"collection":[{"href":"https:\/\/rifforubio.cl\/index.php?rest_route=\/wp\/v2\/pages"}],"about":[{"href":"https:\/\/rifforubio.cl\/index.php?rest_route=\/wp\/v2\/types\/page"}],"author":[{"embeddable":true,"href":"https:\/\/rifforubio.cl\/index.php?rest_route=\/wp\/v2\/users\/1"}],"replies":[{"embeddable":true,"href":"https:\/\/rifforubio.cl\/index.php?rest_route=%2Fwp%2Fv2%2Fcomments&post=422"}],"version-history":[{"count":133,"href":"https:\/\/rifforubio.cl\/index.php?rest_route=\/wp\/v2\/pages\/422\/revisions"}],"predecessor-version":[{"id":864,"href":"https:\/\/rifforubio.cl\/index.php?rest_route=\/wp\/v2\/pages\/422\/revisions\/864"}],"wp:attachment":[{"href":"https:\/\/rifforubio.cl\/index.php?rest_route=%2Fwp%2Fv2%2Fmedia&parent=422"}],"curies":[{"name":"wp","href":"https:\/\/api.w.org\/{rel}","templated":true}]}}